
Let s = -4 + 10. Let i be 1*-1 + (-10)/(-2). Suppose 0 = 5*n - s - i. List the prime factors of n.
2
Let g = -19 + 31. Let z(r) = r**2 - 10*r - 11. List the prime factors of z(g).
13
Suppose 4*l - 18 = -2*w, 0*l = -2*l + 5*w - 21. Suppose -l*a + 28 = -0*t + 2*t, -2*a - 5*t = -40. What are the prime factors of a?
2, 5
Let m be (-4)/(-6) - (-68)/6. Let j be 2 + (-2)/(-3)*-3. Suppose m = -5*l + l + 4*q, -2*l + q - 1 = j. What are the prime factors of l?
2
Suppose c - 18 - 99 = 0. List the prime factors of c.
3, 13
Let y(o) = 2*o**2 + 2*o. Let t be y(-2). Let c(s) = -s**3 + 3*s**2 + 7*s - 5. Let m be c(t). Suppose 2*x - m = 7. List the prime factors of x.
7
Let b(a) = a**3 - 3*a**2 + 2*a - 4. Let t be b(3). Suppose 2*d = -t*d + 16. Suppose 2*u - d = 2. What are the prime factors of u?
3
Let l be 8/10*15/6. List the prime factors of 15/2 + l/4.
2
Suppose 3*m + 3*p + 2*p = 24, -5*p = 4*m - 27. Suppose -m*u = -z - 1, -4*z + u = -z - 21. Suppose -5*q + 7 = -z. List the prime factors of q.
3
What are the prime factors of (1 - 3)*(-13 + 4)?
2, 3
Let p(r) = r**2 + r + 1. Let i(o) = -o**3 + 4*o**2 + 6*o + 1. Let f(k) = i(k) + 4*p(k). What are the prime factors of f(9)?
2, 7
Suppose -k + 3*k + 170 = 3*b, 20 = -5*k. List the prime factors of b.
2, 3
Suppose 0 = 5*b, 5*t - b + 6*b - 485 = 0. List the prime factors of t.
97
Let b(x) = x**2 + 2*x - 2. Let i be b(-4). Let f = i + -4. Suppose 6*g - f*g = 44. List the prime factors of g.
11
Suppose -30 = 2*a - 4*a. List the prime factors of (-52)/10*a/(-6).
13
Let a(s) = -s**3 + 14. Let v be a(0). Let d = 23 - v. List the prime factors of d.
3
Let n(h) = -59*h**3 + 2*h**2 + h. List the prime factors of n(-1).
2, 3, 5
Suppose -w + 4*w - 3*i = -6, -4*i + 12 = -5*w. Let b be w/(-5)*(-5)/(-2). What are the prime factors of 8/3*(b + 4)?
2
Let n(t) = 7 + t**2 + 1 + 2*t + 0 + 6*t. Let g be n(-7). List the prime factors of (6/15)/(g/20).
2
Let j(r) be the third derivative of r**7/5040 + r**6/60 + r**5/60 + 2*r**2. Let c(n) be the third derivative of j(n). What are the prime factors of c(0)?
2, 3
Let l(x) = -x**2 - 9*x + 6. Let n(v) = v**2 + 7*v + 6. Let m be n(-6). Suppose -u = 8 - m. List the prime factors of l(u).
2, 7
Suppose -3*b = -0*c + 3*c - 45, -5*b + 71 = c. What are the prime factors of b?
2, 7
Suppose -t = 3*t + 20. Let s = t - -8. What are the prime factors of s?
3
Let s(w) = 3*w**2 - 14*w - 5. List the prime factors of s(6).
19
Suppose k + y + 9 = 2, -2*k + 1 = -y. What are the prime factors of (k/4)/(1/(-12))?
2, 3
Suppose 0 = -3*i - 4*w - 11, 2 = i + 3*w + 4. Let j = i + 4. What are the prime factors of (j - (-38)/6)*3?
2
List the prime factors of ((-6)/10)/(84/90 + -1).
3
Suppose 4*c + c = 15. Suppose -c*n - 2*n = -25, 2*m + 4*n - 100 = 0. What are the prime factors of (-24)/(-10)*m/6?
2
Let x(q) = q + 7. Let m = 2 + 1. Suppose -m*g = g. What are the prime factors of x(g)?
7
Let f be ((-2)/5)/(3/(-15)). Let l(y) = 6*y**2 + 2*y + 1. Let x be l(f). Suppose -4*m + x = k, 2*k + 0 = 5*m - 46. What are the prime factors of m?
2
Let a = 28 + -6. Suppose a - 6 = 4*m. List the prime factors of m.
2
Suppose -3*i = 5*w + 3 - 63, 10 = -w - 5*i. Suppose 4*h + 0*m - w = -3*m, 0 = -5*m + 25. List the prime factors of (2 - (2 - h)) + 4.
2
Suppose -21 = -5*l + z, -5*l + l - 5*z + 40 = 0. Let x be (-1 + 2)*(4 + -4). What are the prime factors of (x - 2 - -3) + l?
2, 3
What are the prime factors of -3*(-109)/3 + 1?
2, 5, 11
Let d be (-6)/(0 - (1 - -1)). Suppose -5*p = 15, -4*g + d*p + 55 = 2. List the prime factors of g.
11
List the prime factors of ((-1238)/2 - 3)*(-5)/10.
311
Let c(n) = -n**2 + n + 5. Let y be c(0). Suppose -2*t + y + 17 = 0. List the prime factors of t.
11
Suppose -2*t + 4*s + 24 = 0, -3*s = -4*t + 3*t + 17. Suppose 0 = -5*r + t*r + 6. Suppose 0 = r*q - 3*d - 13, -q = -d - 3 - 6. List the prime factors of q.
2, 7
Let a(z) = -12*z - 3. Let d(h) = -h. Let p = -1 + -8. Let g(w) = p*d(w) + a(w). List the prime factors of g(-3).
2, 3
Suppose 3*l = -5*h + 568, l + 109 = h - 3*l. What are the prime factors of h?
113
Suppose 11 + 19 = c. Let q(k) = -10*k. Let a be q(2). Let f = a + c. List the prime factors of f.
2, 5
What are the prime factors of (1603/28)/(2/(-8))*-1?
229
Suppose 3*f - 5*f = -18. Suppose 0 = -2*o + 51 - f. List the prime factors of o.
3, 7
Let q = -6 - -9. Suppose 6 = q*w + 5*a - 3, -7 = -w - 3*a. What are the prime factors of (-62)/(-8) + w/(-8)?
2
Suppose 0 = v - 2*v - 4. List the prime factors of (-2 + v)*(0 + -2).
2, 3
Suppose -4*m + 120 = 4*j, m = j + 32 - 8. List the prime factors of m.
3
Suppose -3 + 0 = -3*v. Suppose 0 = 4*y + d - 10, -4*d - v = y + 4. Suppose 0*g - y*g = -39. What are the prime factors of g?
13
Suppose -24 = 5*b - 6*b. What are the prime factors of b?
2, 3
Let s = -24 + 1. Let q = 1 - s. What are the prime factors of q?
2, 3
Let q(d) be the second derivative of -2*d**2 - 2*d + 0 + 1/2*d**3 + 1/12*d**4. List the prime factors of q(-5).
2, 3
Suppose -4*o = -3*v + 2*v + 88, -3*v = -4*o - 224. List the prime factors of v.
2, 17
Suppose 4*l + 774 = l. What are the prime factors of l/9*(-3)/2?
43
Suppose t = -f + 5*f + 319, 5*t - 1700 = -f. What are the prime factors of t?
3, 113
Let h = -62 + 146. What are the prime factors of (9/6)/(9/h)?
2, 7
Let t(m) = -m - 8. What are the prime factors of t(-15)?
7
Let q(g) = -5*g**3 + 4*g**2 + 2. Let b(u) = -4*u**3 + 4*u**2 - u + 2. Let o(c) = -3*b(c) + 2*q(c). List the prime factors of o(3).
5
Let v(j) = -2*j - j + j - 7 - 9*j. Let q(s) = -5*s - 3. Let b(h) = 13*q(h) - 6*v(h). List the prime factors of b(3).
2, 3
Let v(u) = -u**3 - 7*u**2 - u - 7. Let h = -7 + 0. Let n be v(h). Suppose n = 5*f - f - 20. What are the prime factors of f?
5
Let a(x) = -x**3 - 5*x**2 - 5*x - 2. Let u be a(-4). Suppose -t + u + 0 = -2*v, 3*v + 21 = 3*t. List the prime factors of 6/(-4)*t/(-9).
2
Suppose -3 + 19 = -4*o. List the prime factors of ((-4)/8)/(o/104).
13
Let f be (-3)/6 + (-329)/(-2). Let m = f - 290. List the prime factors of m/(-8) + (-18)/24.
3, 5
Let o be 2 - 1/2*4. Let r be (1 - 0)/(1 + o). What are the prime factors of ((-22)/(-4))/(r/2)?
11
Suppose -3*f - 14 = -2*f + 5*l, -l - 3 = 0. List the prime factors of (-2 - 5)*(-3)/f.
3, 7
List the prime factors of (-14)/70 - (-1 + 52/(-10)).
2, 3
Suppose -4*x = -x. Suppose x*v = -5*v + 60. What are the prime factors of v?
2, 3
Let k = -80 + 209. What are the prime factors of k?
3, 43
Let f(g) = 2*g**2 + 2*g - 4. Suppose -3*n + u = -8, 2*u - 1 = 1. What are the prime factors of f(n)?
2, 5
Suppose 0 = -4*f + 6*f - 88. What are the prime factors of f?
2, 11
Suppose -13*k = -111 - 669. List the prime factors of k.
2, 3, 5
Let s = 11 + -8. Let u(f) = 4*f**2 + 0*f**s - 5 + 4*f - f**3 + 0*f**3. List the prime factors of u(4).
11
Let x(r) = -r**2 - 7*r - 1. Let u be x(-6). What are the prime factors of -1 + 3 + u + -2?
5
Let s = -4 + 4. Suppose s = 2*b - 5*w - 15, 0*w - 4*w + 1 = b. List the prime factors of b.
5
Let g(a) = a**2 + 2*a - 9. Let s be g(-4). What are the prime factors of -5 - -4 - 14/s?
13
Let g = 4 - 14. Let c = 42 + g. What are the prime factors of c?
2
Suppose -4*p - 40 = -4*r, 7*r = 3*r - 3*p + 5. What are the prime factors of r?
5
Let t = 1 + -1. Let x be (t + 0)/(-2 - 0). Suppose -21 = -5*o - m - 3*m, -3*o + 5*m + 20 = x. What are the prime factors of o?
5
Let r = 55 + -27. List the prime factors of r.
2, 7
Let i(x) = x**3 - 7*x**2 + 3*x + 6. Let p be i(6). Let n = p + 22. List the prime factors of n.
2, 5
Let w(x) be the first derivative of -x**4/4 + x**3 - x**2/2 + 2. List the prime factors of w(2).
2
Let m(b) = b**2 + 6*b + 7. Let o be m(-5). Suppose 28 = -4*s + 6*s - o*d, 0 = -2*d + 8. What are the prime factors of s?
2, 3
Suppose -p = -5*p. Suppose 4*l = -p*l + 52. What are the prime factors of l?
13
Let m(i) be the second derivative of 2*i - i**3 + i**2 - 1/20*i**5 + 0 + 1/2*i**4. What are the prime factors of m(4)?
2, 5
Let j = -23 - -128. What are the prime factors of j?
3, 5, 7
List the prime factors of 1261/26 + 2/(-4).
2, 3
Let n(f) = 2*f**2 - f - f - 3*f - 3. List the prime factors of n(5).
2, 11
Suppose 4*t - 15 = 5*b + 2, 0 = 5*t + 3*b - 12. Suppose -4*p + d = -86, 0*p - t*p = 2*d - 59. What are the prime factors of p?
3, 7
Let f = 11 - 6. Let z be 2/1 - (f - -1).